{"id":11269,"date":"2020-12-12T18:19:43","date_gmt":"2020-12-12T15:19:43","guid":{"rendered":"http:\/\/eksenmak.com\/global\/?page_id=11269"},"modified":"2020-12-12T18:21:43","modified_gmt":"2020-12-12T15:21:43","slug":"rulman-kenetleyici-sabitleyici-nedir-cesitleri","status":"publish","type":"page","link":"https:\/\/eksenmak.com\/global\/rulman-kenetleyici-sabitleyici-nedir-cesitleri\/","title":{"rendered":"Kenetleyiciler"},"content":{"rendered":"\t\t<div data-elementor-type=\"wp-page\" data-elementor-id=\"11269\" class=\"elementor elementor-11269\">\n\t\t\t\t\t\t<div class=\"elementor-inner\">\n\t\t\t\t<div class=\"elementor-section-wrap\">\n\t\t\t\t\t\t\t\t\t<section class=\"elementor-section elementor-top-section elementor-element elementor-element-b5c4ec1 elementor-section-boxed elementor-section-height-default elementor-section-height-default\" data-id=\"b5c4ec1\" data-element_type=\"section\">\n\t\t\t\t\t\t<div class=\"elementor-container elementor-column-gap-default\">\n\t\t\t\t\t\t\t<div class=\"elementor-row\">\n\t\t\t\t\t<div class=\"elementor-column elementor-col-50 elementor-top-column elementor-element elementor-element-ea1365f top column-style-top\" data-id=\"ea1365f\" data-element_type=\"column\">\n\t\t\t<div class=\"elementor-column-wrap elementor-element-populated\">\n\t\t\t\t\t\t\t<div class=\"elementor-widget-wrap\">\n\t\t\t\t\t\t<div class=\"elementor-element elementor-element-4716803 elementor-widget elementor-widget-heading\" data-id=\"4716803\" data-element_type=\"widget\" data-widget_type=\"heading.default\">\n\t\t\t\t<div class=\"elementor-widget-container\">\n\t\t\t<h1 class=\"elementor-heading-title elementor-size-default\">Kenetleyiciler<\/h1>\t\t<\/div>\n\t\t\t\t<\/div>\n\t\t\t\t\t\t<\/div>\n\t\t\t\t\t<\/div>\n\t\t<\/div>\n\t\t\t\t<div class=\"elementor-column elementor-col-50 elementor-top-column elementor-element elementor-element-99b8d06 elementor-hidden-phone top column-style-top\" data-id=\"99b8d06\" data-element_type=\"column\">\n\t\t\t<div class=\"elementor-column-wrap elementor-element-populated\">\n\t\t\t\t\t\t\t<div class=\"elementor-widget-wrap\">\n\t\t\t\t\t\t<div class=\"elementor-element elementor-element-e1e5ea7 elementor-widget elementor-widget-shortcode\" data-id=\"e1e5ea7\" data-element_type=\"widget\" data-widget_type=\"shortcode.default\">\n\t\t\t\t<div class=\"elementor-widget-container\">\n\t\t\t\t\t<div class=\"elementor-shortcode\">    <ul class=\"breadcrumb\">\n      <li><a href=\"http:\/\/eksenmak.com\/global\">Ana Sayfa<\/a><\/li>\n      <li><a href=\"http:\/\/eksenmak.com\/global\/urun-gruplari\/\">\u00dcr\u00fcn Gruplar\u0131<\/a><\/li>\n        <li><a href=\"http:\/\/eksenmak.com\/global\/kimyasal-yapistirici-nedir-cesitleri\/\">Kimyasal Yap\u0131\u015ft\u0131r\u0131c\u0131lar<\/a><\/li>\n      <li>Kenetleyiciler<\/li>\n    <\/ul><\/div>\n\t\t\t\t<\/div>\n\t\t\t\t<\/div>\n\t\t\t\t\t\t<\/div>\n\t\t\t\t\t<\/div>\n\t\t<\/div>\n\t\t\t\t\t\t\t\t<\/div>\n\t\t\t\t\t<\/div>\n\t\t<\/section>\n\t\t\t\t<section class=\"elementor-section elementor-top-section elementor-element elementor-element-67f98c9 elementor-section-boxed elementor-section-height-default elementor-section-height-default\" data-id=\"67f98c9\" data-element_type=\"section\">\n\t\t\t\t\t\t<div class=\"elementor-container elementor-column-gap-default\">\n\t\t\t\t\t\t\t<div class=\"elementor-row\">\n\t\t\t\t\t<div class=\"elementor-column elementor-col-100 elementor-top-column elementor-element elementor-element-f5aa7ab top column-style-top\" data-id=\"f5aa7ab\" data-element_type=\"column\">\n\t\t\t<div class=\"elementor-column-wrap elementor-element-populated\">\n\t\t\t\t\t\t\t<div class=\"elementor-widget-wrap\">\n\t\t\t\t\t\t<div class=\"elementor-element elementor-element-d4cdac8 elementor-widget elementor-widget-accordion\" data-id=\"d4cdac8\" data-element_type=\"widget\" data-widget_type=\"accordion.default\">\n\t\t\t\t<div class=\"elementor-widget-container\">\n\t\t\t\t\t<div class=\"elementor-accordion\" role=\"tablist\">\n\t\t\t\t\t\t\t<div class=\"elementor-accordion-item\">\n\t\t\t\t\t<div id=\"elementor-tab-title-2231\" class=\"elementor-tab-title\" data-tab=\"1\" role=\"tab\" aria-controls=\"elementor-tab-content-2231\" aria-expanded=\"false\">\n\t\t\t\t\t\t\t\t\t\t\t\t\t<span class=\"elementor-accordion-icon elementor-accordion-icon-left\" aria-hidden=\"true\">\n\t\t\t\t\t\t\t\t\t\t\t\t\t\t\t<span class=\"elementor-accordion-icon-closed\"><i class=\"fas fa-plus\"><\/i><\/span>\n\t\t\t\t\t\t\t\t<span class=\"elementor-accordion-icon-opened\"><i class=\"fas fa-minus\"><\/i><\/span>\n\t\t\t\t\t\t\t\t\t\t\t\t\t\t<\/span>\n\t\t\t\t\t\t\t\t\t\t\t\t<a class=\"elementor-accordion-title\" href=\"\">Rulman Kenetleyici<\/a>\n\t\t\t\t\t<\/div>\n\t\t\t\t\t<div id=\"elementor-tab-content-2231\" class=\"elementor-tab-content elementor-clearfix\" data-tab=\"1\" role=\"tabpanel\" aria-labelledby=\"elementor-tab-title-2231\">\nSilindirik mekanik par\u00e7alar\u0131n birle\u015ftirmesinde kullan\u0131lan, y\u00fcksek mukavemetli, d\u00fc\u015f\u00fck viskoziteli anaerobik bir kenetleme \u00fcr\u00fcn\u00fcd\u00fcr.\n\n&#8211; Titre\u015fime dayan\u0131m sa\u011flar.\n\n&#8211; Rulmanlar\u0131 sabitler, hareket etmesini \u00f6nler.\n\n&#8211; D\u00fc\u015f\u00fck viskozitesi sayesinde en k\u00fc\u00e7\u00fck bo\u015fluklar\u0131 doldurur.\n\n<strong>Teknik Bilgiler<\/strong>\n<table class=\"table\">\n<tbody>\n<tr>\n<th><strong>Ba\u011flant\u0131 kuvveti<\/strong><\/th>\n<td>Y\u00fcksek<\/td>\n<\/tr>\n<tr>\n<th><strong>Bo\u015fluk doldurma<\/strong><\/th>\n<td>0.30 mm&#8217;ye kadar<\/td>\n<\/tr>\n<tr>\n<th><strong>Ortalama ilk tutu\u015f s\u00fcresi<\/strong><\/th>\n<td>10 dakika<\/td>\n<\/tr>\n<tr>\n<th><strong>Raf \u00f6mr\u00fc<\/strong><\/th>\n<td>24 ay<\/td>\n<\/tr>\n<tr>\n<th><strong>S\u0131cakl\u0131k aral\u0131\u011f\u0131<\/strong><\/th>\n<td>-50\u00b0C\u2019den +250\u00b0C\u2019ye kadar (* S\u00fcrekli devam eden s\u0131cakl\u0131klarda 230\u00b0C&#8217;dir.)<\/td>\n<\/tr>\n<tr>\n<th><strong>Viskozite<\/strong><\/th>\n<td>5000 &#8211; 10000 cP<\/td>\n<\/tr>\n<tr>\n<th><strong>\u00d6zg\u00fcl a\u011f\u0131rl\u0131k<\/strong><\/th>\n<td>1.12\/td&gt;<\/td>\n<\/tr>\n<\/tbody>\n<\/table>\n<strong>Ambalaj \u0130\u00e7eri\u011fi<\/strong>\n\n\n<table class=\"table\">\n<thead>\n<tr>\n    <th>Ambalaj<\/th>\n    <th>Kutu<\/th>\n    <th>Koli<\/th>\n    <th>Palet<\/th>\n<\/tr>    \n<\/thead>\n<tbody>\n<tr>\n<td>15 ml<\/td>\n<td>24<\/td>\n<td>144<\/td>\n<td>8.640<\/td>\n<\/tr>\n<tr>\n<td>50 ml<\/td>\n<td>10<\/td>\n<td>120<\/td>\n<td>4.320<\/td>\n<\/tr>\n<tr>\n<td>250 ml<\/td>\n<td>6<\/td>\n<td>36<\/td>\n<td>1.296<\/td>\n<\/tr>\n<\/tbody>\n<\/table><\/div>\n\t\t\t\t<\/div>\n\t\t\t\t\t\t\t<div class=\"elementor-accordion-item\">\n\t\t\t\t\t<div id=\"elementor-tab-title-2232\" class=\"elementor-tab-title\" data-tab=\"2\" role=\"tab\" aria-controls=\"elementor-tab-content-2232\" aria-expanded=\"false\">\n\t\t\t\t\t\t\t\t\t\t\t\t\t<span class=\"elementor-accordion-icon elementor-accordion-icon-left\" aria-hidden=\"true\">\n\t\t\t\t\t\t\t\t\t\t\t\t\t\t\t<span class=\"elementor-accordion-icon-closed\"><i class=\"fas fa-plus\"><\/i><\/span>\n\t\t\t\t\t\t\t\t<span class=\"elementor-accordion-icon-opened\"><i class=\"fas fa-minus\"><\/i><\/span>\n\t\t\t\t\t\t\t\t\t\t\t\t\t\t<\/span>\n\t\t\t\t\t\t\t\t\t\t\t\t<a class=\"elementor-accordion-title\" href=\"\">Y\u00fcksek Mukavemetli Rulman Sabitleyici<\/a>\n\t\t\t\t\t<\/div>\n\t\t\t\t\t<div id=\"elementor-tab-content-2232\" class=\"elementor-tab-content elementor-clearfix\" data-tab=\"2\" role=\"tabpanel\" aria-labelledby=\"elementor-tab-title-2232\">Silindirik mekanik par\u00e7alar\u0131n birle\u015ftirmesinde kullan\u0131lan, \u00e7ok y\u00fcksek mukavemetli, orta-y\u00fcksek viskoziteli anaerobik bir kenetleme \u00fcr\u00fcn\u00fcd\u00fcr.\n\n&#8211; Titre\u015fime dayan\u0131m sa\u011flar.\n\n&#8211; Rulmanlar\u0131 sabitler, hareket etmesini \u00f6nler.\n\n&#8211; \u015eaftlar\u0131n, di\u015flilerin, kasnaklar\u0131n ve di\u011fer metal silindirik mekanik par\u00e7alar\u0131n ba\u011flanmas\u0131nda ve sabitlenmesinde kullan\u0131l\u0131r.\n\n<strong>\u00d6zellikler<\/strong>\n<ul>\n \t<li>Sert y\u00fczeylerin t\u00fcm tiplerinde kullan\u0131labilir.<\/li>\n \t<li>Metalik ba\u011flant\u0131lar\u0131 kuvvetlendirmek i\u00e7in kullanl\u0131l\u0131r.<\/li>\n \t<li>\u015eaft \u00e7\u0131k\u0131nt\u0131s\u0131 ile kamalar\u0131 kilitler. A\u015f\u0131nm\u0131\u015f ba\u011flant\u0131larda bo\u015flu\u011fu al\u0131r.<\/li>\n<\/ul>\n<strong>Uygulama<\/strong>\n<ol>\n \t<li>Erkek ve di\u015fi par\u00e7alar\u0131 birle\u015ftirmeden \u00f6nce, kesme ya\u011f\u0131n\u0131 iyice temizlemek i\u00e7in emici bir bez veya mendil ile temizleyin.<\/li>\n \t<li>Yap\u0131\u015ft\u0131r\u0131c\u0131y\u0131 y\u00fczeylere uygulay\u0131n.<\/li>\n \t<li>Emici bir bez veya mendille \u00fcr\u00fcn\u00fcn fazlas\u0131n\u0131 silin.<\/li>\n \t<li>Par\u00e7alar\u0131 birle\u015ftirin ve tam k\u00fcrle\u015fmenin ger\u00e7ekle\u015fti\u011finden emin olmak i\u00e7in 24 saat boyunca 22- 24\u00b0C\u2019de bekletin.<\/li>\n \t<li>Demonte etmek i\u00e7in, birle\u015fmi\u015f par\u00e7alar\u0131 ay\u0131r\u0131rken el aletleri kullan\u0131n.<\/li>\n \t<li>Oda s\u0131cakl\u0131\u011f\u0131nda demontaj\u0131 m\u00fcmk\u00fcn de\u011filse, 250\u00b0C\u2019ye ula\u015fana dek b\u00f6lgesel \u0131s\u0131tma uygulay\u0131p s\u0131cakken demonte edin. Sonra, kalan k\u00fcrle\u015fmi\u015f yap\u0131\u015ft\u0131r\u0131c\u0131 varsa mekanik olarak temizleyin ve par\u00e7alar\u0131 uygun bir \u00e7\u00f6z\u00fcc\u00fcyle, (\u00f6rn. aseton) temizleyin.<\/li>\n<\/ol>\n<strong>Teknik Bilgiler<\/strong>\n<table class=\"table\">\n<tbody>\n<tr>\n<th><strong>Bo\u015fluk doldurma<\/strong><\/th>\n<td>0.25mm\u2019ye kadar<\/td>\n<\/tr>\n<tr>\n<th><strong>Korozyon \u00f6zelli\u011fi<\/strong><\/th>\n<td>Korozif de\u011fil<\/td>\n<\/tr>\n<tr>\n<th><strong>Parlama noktas\u0131<\/strong><\/th>\n<td>&gt;93\u00b0C<\/td>\n<\/tr>\n<tr>\n<th><strong>Raf \u00f6mr\u00fc<\/strong><\/th>\n<td>24 Ay<\/td>\n<\/tr>\n<tr>\n<th><strong>S\u0131cakl\u0131k aral\u0131\u011f\u0131<\/strong><\/th>\n<td>-50\u00b0C\u2019den +150\u00b0C\u2019ye kadar<\/td>\n<\/tr>\n<tr>\n<th><strong>Viskozite<\/strong><\/th>\n<td>4000 &#8211; 5000 cPs (@20 rpm)<\/td>\n<\/tr>\n<tr>\n<th><strong>\u00d6zg\u00fcl a\u011f\u0131rl\u0131k<\/strong><\/th>\n<td>1.04<\/td>\n<\/tr>\n<\/tbody>\n<\/table>\n<strong>Ambalaj \u0130\u00e7eri\u011fi<\/strong>\n\n\n<table class=\"table\">\n<thead>\n<tr>\n    <th>Ambalaj<\/th>\n    <th>Kutu<\/th>\n    <th>Koli<\/th>\n    <th>Palet<\/th>\n<\/tr>    \n<\/thead>\n<tbody>\n<tr>\n<td>15 ml<\/td>\n<td>24<\/td>\n<td>144<\/td>\n<td>8.640<\/td>\n<\/tr>\n<tr>\n<td>50 ml<\/td>\n<td>10<\/td>\n<td>120<\/td>\n<td>4.320<\/td>\n<\/tr>\n<tr>\n<td>250 ml<\/td>\n<td>6<\/td>\n<td>36<\/td>\n<td>1.296<\/td>\n<\/tr>\n<\/tbody>\n<\/table><\/div>\n\t\t\t\t<\/div>\n\t\t\t\t\t\t\t<div class=\"elementor-accordion-item\">\n\t\t\t\t\t<div id=\"elementor-tab-title-2233\" class=\"elementor-tab-title\" data-tab=\"3\" role=\"tab\" aria-controls=\"elementor-tab-content-2233\" aria-expanded=\"false\">\n\t\t\t\t\t\t\t\t\t\t\t\t\t<span class=\"elementor-accordion-icon elementor-accordion-icon-left\" aria-hidden=\"true\">\n\t\t\t\t\t\t\t\t\t\t\t\t\t\t\t<span class=\"elementor-accordion-icon-closed\"><i class=\"fas fa-plus\"><\/i><\/span>\n\t\t\t\t\t\t\t\t<span class=\"elementor-accordion-icon-opened\"><i class=\"fas fa-minus\"><\/i><\/span>\n\t\t\t\t\t\t\t\t\t\t\t\t\t\t<\/span>\n\t\t\t\t\t\t\t\t\t\t\t\t<a class=\"elementor-accordion-title\" href=\"\">S\u00f6k\u00fclebilir Rulman Kenetleyici<\/a>\n\t\t\t\t\t<\/div>\n\t\t\t\t\t<div id=\"elementor-tab-content-2233\" class=\"elementor-tab-content elementor-clearfix\" data-tab=\"3\" role=\"tabpanel\" aria-labelledby=\"elementor-tab-title-2233\"><p>Silindirik mekanik par\u00e7alar\u0131n birle\u015ftirmesinde kullan\u0131lan, orta mukavemetli, orta viskoziteli anaerobik bir kenetleme \u00fcr\u00fcn\u00fcd\u00fcr.<\/p><p>&#8211; Titre\u015fime dayan\u0131m sa\u011flar.<\/p><p>&#8211; Rulmanlar\u0131 sabitler, hareket etmesini \u00f6nler.<\/p><p>&#8211; Bak\u0131m s\u0131ras\u0131nda s\u00f6k\u00fclmesi gereken par\u00e7alar i\u00e7in idealdir.<\/p><p><strong>Teknik Bilgiler<\/strong><\/p><table class=\"table\"><tbody><tr><th><strong>Ana madde<\/strong><\/th><td>Metakrilat monomerleri<\/td><\/tr><tr><th><strong>Ba\u011flant\u0131 kuvveti<\/strong><\/th><td>Orta<\/td><\/tr><tr><th><strong>Bo\u015fluk doldurma<\/strong><\/th><td>0.15 mm&#8217;ye kadar<\/td><\/tr><tr><th><strong>Ortalama ilk tutu\u015f s\u00fcresi<\/strong><\/th><td>20 dakika<\/td><\/tr><tr><th><strong>S\u0131cakl\u0131k aral\u0131\u011f\u0131<\/strong><\/th><td>-50\u00b0C\u2019den +150\u00b0C\u2019ye kadar<\/td><\/tr><tr><th><strong>Viskozite<\/strong><\/th><td>500-1000 cP<\/td><\/tr><tr><th><strong>\u00d6zg\u00fcl a\u011f\u0131rl\u0131k<\/strong><\/th><td>1.0<\/td><\/tr><\/tbody><\/table><p><strong>Ambalaj \u0130\u00e7eri\u011fi<\/strong><\/p><table class=\"table\"><thead><tr><th>Ambalaj<\/th><th>Kutu<\/th><th>Koli<\/th><th>Palet<\/th><\/tr><\/thead><tbody><tr><td>15 ml<\/td><td>24<\/td><td>144<\/td><td>8.640<\/td><\/tr><tr><td>50 ml<\/td><td>10<\/td><td>120<\/td><td>4.320<\/td><\/tr><tr><td>250 ml<\/td><td>6<\/td><td>36<\/td><td>1.296<\/td><\/tr><\/tbody><\/table><\/div>\n\t\t\t\t<\/div>\n\t\t\t\t\t\t\t<div class=\"elementor-accordion-item\">\n\t\t\t\t\t<div id=\"elementor-tab-title-2234\" class=\"elementor-tab-title\" data-tab=\"4\" role=\"tab\" aria-controls=\"elementor-tab-content-2234\" aria-expanded=\"false\">\n\t\t\t\t\t\t\t\t\t\t\t\t\t<span class=\"elementor-accordion-icon elementor-accordion-icon-left\" aria-hidden=\"true\">\n\t\t\t\t\t\t\t\t\t\t\t\t\t\t\t<span class=\"elementor-accordion-icon-closed\"><i class=\"fas fa-plus\"><\/i><\/span>\n\t\t\t\t\t\t\t\t<span class=\"elementor-accordion-icon-opened\"><i class=\"fas fa-minus\"><\/i><\/span>\n\t\t\t\t\t\t\t\t\t\t\t\t\t\t<\/span>\n\t\t\t\t\t\t\t\t\t\t\t\t<a class=\"elementor-accordion-title\" href=\"\">Y\u00fcksek S\u0131cakl\u0131k \u0130\u00e7in Rulman Kenetleyici<\/a>\n\t\t\t\t\t<\/div>\n\t\t\t\t\t<div id=\"elementor-tab-content-2234\" class=\"elementor-tab-content elementor-clearfix\" data-tab=\"4\" role=\"tabpanel\" aria-labelledby=\"elementor-tab-title-2234\">Silindirik mekanik par\u00e7alar\u0131n birle\u015ftirmesinde kullan\u0131lan, 250\u00b0C&#8217;ye kadar s\u0131cakl\u0131k dayan\u0131m\u0131 g\u00f6steren, y\u00fcksek mukavemetli, orta viskoziteli anaerobik bir kenetleme \u00fcr\u00fcn\u00fcd\u00fcr.\n&#8211; Titre\u015fime dayan\u0131m sa\u011flar.\n\n&#8211; Rulmanlar\u0131 sabitler, hareket etmesini \u00f6nler.\n\n&#8211; Y\u00fcksek s\u0131cakl\u0131klar i\u00e7in form\u00fcle edilmi\u015ftir.\n\n<strong>Teknik Bilgiler<\/strong>\n<table class=\"table\">\n<tbody>\n<tr>\n<th><strong>Ba\u011flant\u0131 kuvveti<\/strong><\/th>\n<td>Y\u00fcksek<\/td>\n<\/tr>\n<tr>\n<th><strong>Bo\u015fluk doldurma<\/strong><\/th>\n<td>0.30 mm&#8217;ye kadar<\/td>\n<\/tr>\n<tr>\n<th><strong>Ortalama ilk tutu\u015f s\u00fcresi<\/strong><\/th>\n<td>10 dakika<\/td>\n<\/tr>\n<tr>\n<th><strong>S\u0131cakl\u0131k aral\u0131\u011f\u0131<\/strong><\/th>\n<td>-50\u00b0C\u2019den +250\u00b0C\u2019ye kadar (* S\u00fcrekli devam eden s\u0131cakl\u0131klarda 230\u00b0C&#8217;dir.)<\/td>\n<\/tr>\n<tr>\n<th><strong>Viskozite<\/strong><\/th>\n<td>5000 &#8211; 10000 cP<\/td>\n<\/tr>\n<tr>\n<th><strong>\u00d6zg\u00fcl a\u011f\u0131rl\u0131k<\/strong><\/th>\n<td>1.12<\/td>\n<\/tr>\n<\/tbody>\n<\/table>\n<strong>Ambalaj \u0130\u00e7eri\u011fi<\/strong>\n\n\n<table class=\"table\">\n<thead>\n<tr>\n    <th>Ambalaj<\/th>\n    <th>Kutu<\/th>\n    <th>Koli<\/th>\n    <th>Palet<\/th>\n<\/tr>    \n<\/thead>\n<tbody>\n<tr>\n<td>15 ml<\/td>\n<td>24<\/td>\n<td>144<\/td>\n<td>8.640<\/td>\n<\/tr>\n<tr>\n<td>50 ml<\/td>\n<td>10<\/td>\n<td>120<\/td>\n<td>4.320<\/td>\n<\/tr>\n<tr>\n<td>250 ml<\/td>\n<td>6<\/td>\n<td>36<\/td>\n<td>1.296<\/td>\n<\/tr>\n<\/tbody>\n<\/table><\/div>\n\t\t\t\t<\/div>\n\t\t\t\t\t\t\t\t<\/div>\n\t\t\t\t<\/div>\n\t\t\t\t<\/div>\n\t\t\t\t\t\t<\/div>\n\t\t\t\t\t<\/div>\n\t\t<\/div>\n\t\t\t\t\t\t\t\t<\/div>\n\t\t\t\t\t<\/div>\n\t\t<\/section>\n\t\t\t\t\t\t\t\t\t<\/div>\n\t\t\t<\/div>\n\t\t\t\t\t<\/div>\n\t\t","protected":false},"excerpt":{"rendered":"<p>Kenetleyiciler Ana Sayfa \u00dcr\u00fcn Gruplar\u0131 Kimyasal Yap\u0131\u015ft\u0131r\u0131c\u0131lar Kenetleyiciler Rulman Kenetleyici Silindirik mekanik par\u00e7alar\u0131n birle\u015ftirmesinde kullan\u0131lan, y\u00fcksek mukavemetli, d\u00fc\u015f\u00fck viskoziteli anaerobik bir kenetleme \u00fcr\u00fcn\u00fcd\u00fcr. &#8211; Titre\u015fime dayan\u0131m sa\u011flar. &#8211; Rulmanlar\u0131 sabitler, hareket etmesini \u00f6nler. &#8211; D\u00fc\u015f\u00fck viskozitesi sayesinde en k\u00fc\u00e7\u00fck bo\u015fluklar\u0131 doldurur. Teknik Bilgiler Ba\u011flant\u0131 kuvveti Y\u00fcksek Bo\u015fluk doldurma 0.30 mm&#8217;ye kadar Ortalama ilk tutu\u015f s\u00fcresi [&hellip;]<\/p>\n","protected":false},"author":1,"featured_media":0,"parent":0,"menu_order":0,"comment_status":"closed","ping_status":"closed","template":"elementor_header_footer","meta":{"footnotes":""},"class_list":["post-11269","page","type-page","status-publish","hentry"],"yoast_head":"<!-- This site is optimized with the Yoast SEO plugin v15.4 - https:\/\/yoast.com\/wordpress\/plugins\/seo\/ -->\n<title>Kenetleyiciler - Eksen Makina Ltd. \u015eti. |\u00a0TTO T\u00fcrkiye Temsilcisi<\/title>\n<meta name=\"robots\" content=\"index, follow, max-snippet:-1, max-image-preview:large, max-video-preview:-1\" \/>\n<link rel=\"canonical\" href=\"https:\/\/eksenmak.com\/global\/rulman-kenetleyici-sabitleyici-nedir-cesitleri\/\" \/>\n<meta property=\"og:locale\" content=\"tr_TR\" \/>\n<meta property=\"og:type\" content=\"article\" \/>\n<meta property=\"og:title\" content=\"Kenetleyiciler - Eksen Makina Ltd. \u015eti. |\u00a0TTO T\u00fcrkiye Temsilcisi\" \/>\n<meta property=\"og:description\" content=\"Kenetleyiciler Ana Sayfa \u00dcr\u00fcn Gruplar\u0131 Kimyasal Yap\u0131\u015ft\u0131r\u0131c\u0131lar Kenetleyiciler Rulman Kenetleyici Silindirik mekanik par\u00e7alar\u0131n birle\u015ftirmesinde kullan\u0131lan, y\u00fcksek mukavemetli, d\u00fc\u015f\u00fck viskoziteli anaerobik bir kenetleme \u00fcr\u00fcn\u00fcd\u00fcr. &#8211; Titre\u015fime dayan\u0131m sa\u011flar. &#8211; Rulmanlar\u0131 sabitler, hareket etmesini \u00f6nler. &#8211; D\u00fc\u015f\u00fck viskozitesi sayesinde en k\u00fc\u00e7\u00fck bo\u015fluklar\u0131 doldurur. Teknik Bilgiler Ba\u011flant\u0131 kuvveti Y\u00fcksek Bo\u015fluk doldurma 0.30 mm&#8217;ye kadar Ortalama ilk tutu\u015f s\u00fcresi [&hellip;]\" \/>\n<meta property=\"og:url\" content=\"https:\/\/eksenmak.com\/global\/rulman-kenetleyici-sabitleyici-nedir-cesitleri\/\" \/>\n<meta property=\"og:site_name\" content=\"Eksen Makina Ltd. \u015eti. |\u00a0TTO T\u00fcrkiye Temsilcisi\" \/>\n<meta property=\"article:modified_time\" content=\"2020-12-12T15:21:43+00:00\" \/>\n<meta name=\"twitter:card\" content=\"summary_large_image\" \/>\n<meta name=\"twitter:label1\" content=\"Written by\">\n\t<meta name=\"twitter:data1\" content=\"halil.tohumoglu\">\n\t<meta name=\"twitter:label2\" content=\"Tahmini okuma s\u00fcresi\">\n\t<meta name=\"twitter:data2\" content=\"2 dakika\">\n<script type=\"application\/ld+json\" class=\"yoast-schema-graph\">{\"@context\":\"https:\/\/schema.org\",\"@graph\":[{\"@type\":\"WebSite\",\"@id\":\"https:\/\/eksenmak.com\/global\/#website\",\"url\":\"https:\/\/eksenmak.com\/global\/\",\"name\":\"Eksen Makina Ltd. \\u015eti. |\\u00a0TTO T\\u00fcrkiye Temsilcisi\",\"description\":\"\",\"potentialAction\":[{\"@type\":\"SearchAction\",\"target\":\"https:\/\/eksenmak.com\/global\/?s={search_term_string}\",\"query-input\":\"required name=search_term_string\"}],\"inLanguage\":\"tr\"},{\"@type\":\"WebPage\",\"@id\":\"https:\/\/eksenmak.com\/global\/rulman-kenetleyici-sabitleyici-nedir-cesitleri\/#webpage\",\"url\":\"https:\/\/eksenmak.com\/global\/rulman-kenetleyici-sabitleyici-nedir-cesitleri\/\",\"name\":\"Kenetleyiciler - Eksen Makina Ltd. \\u015eti. |\\u00a0TTO T\\u00fcrkiye Temsilcisi\",\"isPartOf\":{\"@id\":\"https:\/\/eksenmak.com\/global\/#website\"},\"datePublished\":\"2020-12-12T15:19:43+00:00\",\"dateModified\":\"2020-12-12T15:21:43+00:00\",\"inLanguage\":\"tr\",\"potentialAction\":[{\"@type\":\"ReadAction\",\"target\":[\"https:\/\/eksenmak.com\/global\/rulman-kenetleyici-sabitleyici-nedir-cesitleri\/\"]}]}]}<\/script>\n<!-- \/ Yoast SEO plugin. -->","_links":{"self":[{"href":"https:\/\/eksenmak.com\/global\/wp-json\/wp\/v2\/pages\/11269","targetHints":{"allow":["GET"]}}],"collection":[{"href":"https:\/\/eksenmak.com\/global\/wp-json\/wp\/v2\/pages"}],"about":[{"href":"https:\/\/eksenmak.com\/global\/wp-json\/wp\/v2\/types\/page"}],"author":[{"embeddable":true,"href":"https:\/\/eksenmak.com\/global\/wp-json\/wp\/v2\/users\/1"}],"replies":[{"embeddable":true,"href":"https:\/\/eksenmak.com\/global\/wp-json\/wp\/v2\/comments?post=11269"}],"version-history":[{"count":0,"href":"https:\/\/eksenmak.com\/global\/wp-json\/wp\/v2\/pages\/11269\/revisions"}],"wp:attachment":[{"href":"https:\/\/eksenmak.com\/global\/wp-json\/wp\/v2\/media?parent=11269"}],"curies":[{"name":"wp","href":"https:\/\/api.w.org\/{rel}","templated":true}]}}