{"id":10915,"date":"2020-12-07T23:08:01","date_gmt":"2020-12-07T20:08:01","guid":{"rendered":"http:\/\/eksenmak.com\/global\/?page_id=10915"},"modified":"2020-12-09T21:05:37","modified_gmt":"2020-12-09T18:05:37","slug":"politikalarimiz","status":"publish","type":"page","link":"https:\/\/eksenmak.com\/global\/politikalarimiz\/","title":{"rendered":"Politikalar\u0131m\u0131z"},"content":{"rendered":"\t\t<div data-elementor-type=\"wp-page\" data-elementor-id=\"10915\" class=\"elementor elementor-10915\">\n\t\t\t\t\t\t<div class=\"elementor-inner\">\n\t\t\t\t<div class=\"elementor-section-wrap\">\n\t\t\t\t\t\t\t\t\t<section class=\"elementor-section elementor-top-section elementor-element elementor-element-86e4a2a elementor-section-boxed elementor-section-height-default elementor-section-height-default\" data-id=\"86e4a2a\" data-element_type=\"section\">\n\t\t\t\t\t\t<div class=\"elementor-container elementor-column-gap-default\">\n\t\t\t\t\t\t\t<div class=\"elementor-row\">\n\t\t\t\t\t<div class=\"elementor-column elementor-col-50 elementor-top-column elementor-element elementor-element-7cccc78 top column-style-top\" data-id=\"7cccc78\" data-element_type=\"column\">\n\t\t\t<div class=\"elementor-column-wrap elementor-element-populated\">\n\t\t\t\t\t\t\t<div class=\"elementor-widget-wrap\">\n\t\t\t\t\t\t<div class=\"elementor-element elementor-element-ff5f400 elementor-widget elementor-widget-heading\" data-id=\"ff5f400\" data-element_type=\"widget\" data-widget_type=\"heading.default\">\n\t\t\t\t<div class=\"elementor-widget-container\">\n\t\t\t<h1 class=\"elementor-heading-title elementor-size-default\">Politikalar\u0131m\u0131z<\/h1>\t\t<\/div>\n\t\t\t\t<\/div>\n\t\t\t\t\t\t<\/div>\n\t\t\t\t\t<\/div>\n\t\t<\/div>\n\t\t\t\t<div class=\"elementor-column elementor-col-50 elementor-top-column elementor-element elementor-element-6d2615d top column-style-top\" data-id=\"6d2615d\" data-element_type=\"column\">\n\t\t\t<div class=\"elementor-column-wrap elementor-element-populated\">\n\t\t\t\t\t\t\t<div class=\"elementor-widget-wrap\">\n\t\t\t\t\t\t<div class=\"elementor-element elementor-element-7e3a29d elementor-widget elementor-widget-shortcode\" data-id=\"7e3a29d\" data-element_type=\"widget\" data-widget_type=\"shortcode.default\">\n\t\t\t\t<div class=\"elementor-widget-container\">\n\t\t\t\t\t<div class=\"elementor-shortcode\"><ul class=\"breadcrumb\">\n  <li><a href=\"http:\/\/eksenmak.com\/global\">Ana Sayfa<\/a><\/li>\n  <li><a href=\"http:\/\/eksenmak.com\/global\/kurumsal\/\">Kurumsal<\/a><\/li>\n  <li>Politikalar\u0131m\u0131z<\/li>\n<\/ul><\/div>\n\t\t\t\t<\/div>\n\t\t\t\t<\/div>\n\t\t\t\t\t\t<\/div>\n\t\t\t\t\t<\/div>\n\t\t<\/div>\n\t\t\t\t\t\t\t\t<\/div>\n\t\t\t\t\t<\/div>\n\t\t<\/section>\n\t\t\t\t<section class=\"elementor-section elementor-top-section elementor-element elementor-element-cfc87e7 elementor-section-boxed elementor-section-height-default elementor-section-height-default\" data-id=\"cfc87e7\" data-element_type=\"section\">\n\t\t\t\t\t\t<div class=\"elementor-container elementor-column-gap-default\">\n\t\t\t\t\t\t\t<div class=\"elementor-row\">\n\t\t\t\t\t<div class=\"elementor-column elementor-col-100 elementor-top-column elementor-element elementor-element-12e8b2a top column-style-top\" data-id=\"12e8b2a\" data-element_type=\"column\">\n\t\t\t<div class=\"elementor-column-wrap elementor-element-populated\">\n\t\t\t\t\t\t\t<div class=\"elementor-widget-wrap\">\n\t\t\t\t\t\t<div class=\"elementor-element elementor-element-b098e4d elementor-widget elementor-widget-text-editor\" data-id=\"b098e4d\" data-element_type=\"widget\" data-widget_type=\"text-editor.default\">\n\t\t\t\t<div class=\"elementor-widget-container\">\n\t\t\t\t\t\t\t\t<div class=\"elementor-text-editor elementor-clearfix\">\n\t\t\t\t<h4>1. D\u00fcr\u00fcstl\u00fck<\/h4><p>Eksen Makina, daima sorunlara buldu\u011fu \u00e7\u00f6z\u00fcmlerin arkas\u0131ndad\u0131r. Eksen Makina, d\u00fcr\u00fcst bir kimli\u011fe sahiptir.<\/p><h4>2. G\u00fcven<\/h4><p>Firmam\u0131z, sekt\u00f6r\u00fcnde \u00f6nemli bir yere sahip, sayg\u0131 duyulan ve sayg\u0131 duyan bir firmad\u0131r. Eksen Makina, yapt\u0131\u011f\u0131 i\u015fler ile sekt\u00f6rde g\u00fcven duyulan bir \u015firkettir ve bu g\u00fcveni lay\u0131ki ile ta\u015f\u0131maktad\u0131r.<\/p><h4>3. Kalite<\/h4><p>Firmam\u0131z\u0131n \u00f6ncelikli prensipleri aras\u0131nda kalite gelmektedir. Firmam\u0131z, sekt\u00f6rde kaliteyi d\u00fc\u015f\u00fcr\u00fcp maddi a\u00e7\u0131dan ucuzu tercih etmektense kalitesine g\u00f6re maddiyat \u00f6demektedir. \u00c7\u00fcnk\u00fc, firmam\u0131z, kalitesi d\u00fc\u015f\u00fck olan\u0131n sonraki zamanlarda kullan\u0131c\u0131lar\u0131n\u0131 maddi a\u00e7\u0131dan zarara u\u011fratt\u0131\u011f\u0131n\u0131 bilmektedir.<\/p><h4>4. Uygun Fiyat<\/h4><p>Sat\u0131\u015f\u0131n\u0131 yapm\u0131\u015f oldu\u011fumuz markalar\u0131n ithalat\u0131n\u0131 yapt\u0131\u011f\u0131m\u0131z i\u00e7in birinci elden uygun fiyatlar ile m\u00fc\u015fterilerimize sunmaktay\u0131z.<\/p><h4>5. Sonu\u00e7tan Emin Olma<\/h4><p>Firmam\u0131z, edindi\u011fi tecr\u00fcbeler ile sorunlara \u00e7\u00f6z\u00fcm \u00fcretmekte ve \u00e7\u00f6z\u00fcm\u00fcn devaml\u0131l\u0131\u011f\u0131n\u0131 sa\u011flamaktad\u0131r. Yap\u0131lan i\u015fin do\u011frulu\u011funu daima test etmektedir.<\/p>\t\t\t\t\t<\/div>\n\t\t\t\t\t\t<\/div>\n\t\t\t\t<\/div>\n\t\t\t\t\t\t<\/div>\n\t\t\t\t\t<\/div>\n\t\t<\/div>\n\t\t\t\t\t\t\t\t<\/div>\n\t\t\t\t\t<\/div>\n\t\t<\/section>\n\t\t\t\t\t\t\t\t\t<\/div>\n\t\t\t<\/div>\n\t\t\t\t\t<\/div>\n\t\t","protected":false},"excerpt":{"rendered":"<p>Politikalar\u0131m\u0131z Ana Sayfa Kurumsal Politikalar\u0131m\u0131z 1. D\u00fcr\u00fcstl\u00fck Eksen Makina, daima sorunlara buldu\u011fu \u00e7\u00f6z\u00fcmlerin arkas\u0131ndad\u0131r. Eksen Makina, d\u00fcr\u00fcst bir kimli\u011fe sahiptir. 2. G\u00fcven Firmam\u0131z, sekt\u00f6r\u00fcnde \u00f6nemli bir yere sahip, sayg\u0131 duyulan ve sayg\u0131 duyan bir firmad\u0131r. Eksen Makina, yapt\u0131\u011f\u0131 i\u015fler ile sekt\u00f6rde g\u00fcven duyulan bir \u015firkettir ve bu g\u00fcveni lay\u0131ki ile ta\u015f\u0131maktad\u0131r. 3. Kalite Firmam\u0131z\u0131n \u00f6ncelikli [&hellip;]<\/p>\n","protected":false},"author":1,"featured_media":0,"parent":0,"menu_order":0,"comment_status":"closed","ping_status":"closed","template":"elementor_header_footer","meta":{"footnotes":""},"class_list":["post-10915","page","type-page","status-publish","hentry"],"yoast_head":"<!-- This site is optimized with the Yoast SEO plugin v15.4 - https:\/\/yoast.com\/wordpress\/plugins\/seo\/ -->\n<title>Politikalar\u0131m\u0131z - Eksen Makina Ltd. \u015eti. |\u00a0TTO T\u00fcrkiye Temsilcisi<\/title>\n<meta name=\"robots\" content=\"index, follow, max-snippet:-1, max-image-preview:large, max-video-preview:-1\" \/>\n<link rel=\"canonical\" href=\"https:\/\/eksenmak.com\/global\/politikalarimiz\/\" \/>\n<meta property=\"og:locale\" content=\"tr_TR\" \/>\n<meta property=\"og:type\" content=\"article\" \/>\n<meta property=\"og:title\" content=\"Politikalar\u0131m\u0131z - Eksen Makina Ltd. \u015eti. |\u00a0TTO T\u00fcrkiye Temsilcisi\" \/>\n<meta property=\"og:description\" content=\"Politikalar\u0131m\u0131z Ana Sayfa Kurumsal Politikalar\u0131m\u0131z 1. D\u00fcr\u00fcstl\u00fck Eksen Makina, daima sorunlara buldu\u011fu \u00e7\u00f6z\u00fcmlerin arkas\u0131ndad\u0131r. Eksen Makina, d\u00fcr\u00fcst bir kimli\u011fe sahiptir. 2. G\u00fcven Firmam\u0131z, sekt\u00f6r\u00fcnde \u00f6nemli bir yere sahip, sayg\u0131 duyulan ve sayg\u0131 duyan bir firmad\u0131r. Eksen Makina, yapt\u0131\u011f\u0131 i\u015fler ile sekt\u00f6rde g\u00fcven duyulan bir \u015firkettir ve bu g\u00fcveni lay\u0131ki ile ta\u015f\u0131maktad\u0131r. 3. Kalite Firmam\u0131z\u0131n \u00f6ncelikli [&hellip;]\" \/>\n<meta property=\"og:url\" content=\"https:\/\/eksenmak.com\/global\/politikalarimiz\/\" \/>\n<meta property=\"og:site_name\" content=\"Eksen Makina Ltd. \u015eti. |\u00a0TTO T\u00fcrkiye Temsilcisi\" \/>\n<meta property=\"article:modified_time\" content=\"2020-12-09T18:05:37+00:00\" \/>\n<meta name=\"twitter:card\" content=\"summary_large_image\" \/>\n<meta name=\"twitter:label1\" content=\"Written by\">\n\t<meta name=\"twitter:data1\" content=\"halil.tohumoglu\">\n\t<meta name=\"twitter:label2\" content=\"Tahmini okuma s\u00fcresi\">\n\t<meta name=\"twitter:data2\" content=\"1 dakika\">\n<script type=\"application\/ld+json\" class=\"yoast-schema-graph\">{\"@context\":\"https:\/\/schema.org\",\"@graph\":[{\"@type\":\"WebSite\",\"@id\":\"https:\/\/eksenmak.com\/global\/#website\",\"url\":\"https:\/\/eksenmak.com\/global\/\",\"name\":\"Eksen Makina Ltd. \\u015eti. |\\u00a0TTO T\\u00fcrkiye Temsilcisi\",\"description\":\"\",\"potentialAction\":[{\"@type\":\"SearchAction\",\"target\":\"https:\/\/eksenmak.com\/global\/?s={search_term_string}\",\"query-input\":\"required name=search_term_string\"}],\"inLanguage\":\"tr\"},{\"@type\":\"WebPage\",\"@id\":\"https:\/\/eksenmak.com\/global\/politikalarimiz\/#webpage\",\"url\":\"https:\/\/eksenmak.com\/global\/politikalarimiz\/\",\"name\":\"Politikalar\\u0131m\\u0131z - Eksen Makina Ltd. \\u015eti. |\\u00a0TTO T\\u00fcrkiye Temsilcisi\",\"isPartOf\":{\"@id\":\"https:\/\/eksenmak.com\/global\/#website\"},\"datePublished\":\"2020-12-07T20:08:01+00:00\",\"dateModified\":\"2020-12-09T18:05:37+00:00\",\"inLanguage\":\"tr\",\"potentialAction\":[{\"@type\":\"ReadAction\",\"target\":[\"https:\/\/eksenmak.com\/global\/politikalarimiz\/\"]}]}]}<\/script>\n<!-- \/ Yoast SEO plugin. -->","_links":{"self":[{"href":"https:\/\/eksenmak.com\/global\/wp-json\/wp\/v2\/pages\/10915","targetHints":{"allow":["GET"]}}],"collection":[{"href":"https:\/\/eksenmak.com\/global\/wp-json\/wp\/v2\/pages"}],"about":[{"href":"https:\/\/eksenmak.com\/global\/wp-json\/wp\/v2\/types\/page"}],"author":[{"embeddable":true,"href":"https:\/\/eksenmak.com\/global\/wp-json\/wp\/v2\/users\/1"}],"replies":[{"embeddable":true,"href":"https:\/\/eksenmak.com\/global\/wp-json\/wp\/v2\/comments?post=10915"}],"version-history":[{"count":0,"href":"https:\/\/eksenmak.com\/global\/wp-json\/wp\/v2\/pages\/10915\/revisions"}],"wp:attachment":[{"href":"https:\/\/eksenmak.com\/global\/wp-json\/wp\/v2\/media?parent=10915"}],"curies":[{"name":"wp","href":"https:\/\/api.w.org\/{rel}","templated":true}]}}